{"id":40,"date":"2024-03-26T14:49:15","date_gmt":"2024-03-26T14:49:15","guid":{"rendered":"https:\/\/trachtenverein-agatharied.de\/?page_id=40"},"modified":"2025-12-01T21:26:43","modified_gmt":"2025-12-01T20:26:43","slug":"geschichte","status":"publish","type":"page","link":"https:\/\/trachtenverein-agatharied.de\/index.php\/geschichte\/","title":{"rendered":"Geschichte"},"content":{"rendered":"\n<p>wird in k\u00fcrze erg\u00e4nzt<\/p>\n\n\n\n<hr class=\"wp-block-separator has-alpha-channel-opacity\"\/>\n\n\n\n<h2 class=\"wp-block-heading\">Vereinsbild zum 85-J\u00e4hringen Jubil\u00e4um 2009<\/h2>\n\n\n\n<figure class=\"wp-block-image size-large\"><img loading=\"lazy\" decoding=\"async\" width=\"1024\" height=\"671\" src=\"http:\/\/trachtenverein-agatharied.de\/wp-content\/uploads\/2025\/12\/Vereinsbild-1024x671.jpg\" alt=\"\" class=\"wp-image-329\" srcset=\"https:\/\/trachtenverein-agatharied.de\/wp-content\/uploads\/2025\/12\/Vereinsbild-1024x671.jpg 1024w, https:\/\/trachtenverein-agatharied.de\/wp-content\/uploads\/2025\/12\/Vereinsbild-300x197.jpg 300w, https:\/\/trachtenverein-agatharied.de\/wp-content\/uploads\/2025\/12\/Vereinsbild-768x503.jpg 768w, https:\/\/trachtenverein-agatharied.de\/wp-content\/uploads\/2025\/12\/Vereinsbild-1536x1007.jpg 1536w, https:\/\/trachtenverein-agatharied.de\/wp-content\/uploads\/2025\/12\/Vereinsbild-2048x1343.jpg 2048w\" sizes=\"auto, (max-width: 706px) 89vw, (max-width: 767px) 82vw, 740px\" \/><\/figure>\n\n\n\n<hr class=\"wp-block-separator has-alpha-channel-opacity\"\/>\n\n\n\n<h2 class=\"wp-block-heading\">Vereinsbild<\/h2>\n\n\n\n<figure class=\"wp-block-image size-large\"><img loading=\"lazy\" decoding=\"async\" width=\"1024\" height=\"545\" src=\"http:\/\/trachtenverein-agatharied.de\/wp-content\/uploads\/2025\/12\/gruppenfoto-1024x545.jpg\" alt=\"\" class=\"wp-image-328\" srcset=\"https:\/\/trachtenverein-agatharied.de\/wp-content\/uploads\/2025\/12\/gruppenfoto-1024x545.jpg 1024w, https:\/\/trachtenverein-agatharied.de\/wp-content\/uploads\/2025\/12\/gruppenfoto-300x160.jpg 300w, https:\/\/trachtenverein-agatharied.de\/wp-content\/uploads\/2025\/12\/gruppenfoto-768x409.jpg 768w, https:\/\/trachtenverein-agatharied.de\/wp-content\/uploads\/2025\/12\/gruppenfoto.jpg 1204w\" sizes=\"auto, (max-width: 706px) 89vw, (max-width: 767px) 82vw, 740px\" \/><\/figure>\n","protected":false},"excerpt":{"rendered":"<p>wird in k\u00fcrze erg\u00e4nzt Vereinsbild zum 85-J\u00e4hringen Jubil\u00e4um 2009 Vereinsbild<\/p>\n","protected":false},"author":2,"featured_media":0,"parent":0,"menu_order":0,"comment_status":"closed","ping_status":"closed","template":"","meta":{"footnotes":""},"class_list":["post-40","page","type-page","status-publish","hentry"],"yoast_head":"<!-- This site is optimized with the Yoast SEO plugin v27.4 - https:\/\/yoast.com\/product\/yoast-seo-wordpress\/ -->\n<title>Geschichte - Trachtenverein Agatharied<\/title>\n<meta name=\"robots\" content=\"index, follow, max-snippet:-1, max-image-preview:large, max-video-preview:-1\" \/>\n<link rel=\"canonical\" href=\"https:\/\/trachtenverein-agatharied.de\/index.php\/geschichte\/\" \/>\n<meta property=\"og:locale\" content=\"de_DE\" \/>\n<meta property=\"og:type\" content=\"article\" \/>\n<meta property=\"og:title\" content=\"Geschichte - Trachtenverein Agatharied\" \/>\n<meta property=\"og:description\" content=\"wird in k\u00fcrze erg\u00e4nzt Vereinsbild zum 85-J\u00e4hringen Jubil\u00e4um 2009 Vereinsbild\" \/>\n<meta property=\"og:url\" content=\"https:\/\/trachtenverein-agatharied.de\/index.php\/geschichte\/\" \/>\n<meta property=\"og:site_name\" content=\"Trachtenverein Agatharied\" \/>\n<meta property=\"article:modified_time\" content=\"2025-12-01T20:26:43+00:00\" \/>\n<meta property=\"og:image\" content=\"https:\/\/trachtenverein-agatharied.de\/wp-content\/uploads\/2025\/12\/Vereinsbild-scaled.jpg\" \/>\n\t<meta property=\"og:image:width\" content=\"2560\" \/>\n\t<meta property=\"og:image:height\" content=\"1678\" \/>\n\t<meta property=\"og:image:type\" content=\"image\/jpeg\" \/>\n<meta name=\"twitter:card\" content=\"summary_large_image\" \/>\n<meta name=\"twitter:label1\" content=\"Gesch\u00e4tzte Lesezeit\" \/>\n\t<meta name=\"twitter:data1\" content=\"1\u00a0Minute\" \/>\n<script type=\"application\/ld+json\" class=\"yoast-schema-graph\">{\"@context\":\"https:\\\/\\\/schema.org\",\"@graph\":[{\"@type\":\"WebPage\",\"@id\":\"https:\\\/\\\/trachtenverein-agatharied.de\\\/index.php\\\/geschichte\\\/\",\"url\":\"https:\\\/\\\/trachtenverein-agatharied.de\\\/index.php\\\/geschichte\\\/\",\"name\":\"Geschichte - Trachtenverein Agatharied\",\"isPartOf\":{\"@id\":\"https:\\\/\\\/trachtenverein-agatharied.de\\\/#website\"},\"primaryImageOfPage\":{\"@id\":\"https:\\\/\\\/trachtenverein-agatharied.de\\\/index.php\\\/geschichte\\\/#primaryimage\"},\"image\":{\"@id\":\"https:\\\/\\\/trachtenverein-agatharied.de\\\/index.php\\\/geschichte\\\/#primaryimage\"},\"thumbnailUrl\":\"http:\\\/\\\/trachtenverein-agatharied.de\\\/wp-content\\\/uploads\\\/2025\\\/12\\\/Vereinsbild-1024x671.jpg\",\"datePublished\":\"2024-03-26T14:49:15+00:00\",\"dateModified\":\"2025-12-01T20:26:43+00:00\",\"breadcrumb\":{\"@id\":\"https:\\\/\\\/trachtenverein-agatharied.de\\\/index.php\\\/geschichte\\\/#breadcrumb\"},\"inLanguage\":\"de\",\"potentialAction\":[{\"@type\":\"ReadAction\",\"target\":[\"https:\\\/\\\/trachtenverein-agatharied.de\\\/index.php\\\/geschichte\\\/\"]}]},{\"@type\":\"ImageObject\",\"inLanguage\":\"de\",\"@id\":\"https:\\\/\\\/trachtenverein-agatharied.de\\\/index.php\\\/geschichte\\\/#primaryimage\",\"url\":\"https:\\\/\\\/trachtenverein-agatharied.de\\\/wp-content\\\/uploads\\\/2025\\\/12\\\/Vereinsbild-scaled.jpg\",\"contentUrl\":\"https:\\\/\\\/trachtenverein-agatharied.de\\\/wp-content\\\/uploads\\\/2025\\\/12\\\/Vereinsbild-scaled.jpg\",\"width\":2560,\"height\":1678},{\"@type\":\"BreadcrumbList\",\"@id\":\"https:\\\/\\\/trachtenverein-agatharied.de\\\/index.php\\\/geschichte\\\/#breadcrumb\",\"itemListElement\":[{\"@type\":\"ListItem\",\"position\":1,\"name\":\"Startseite\",\"item\":\"https:\\\/\\\/trachtenverein-agatharied.de\\\/\"},{\"@type\":\"ListItem\",\"position\":2,\"name\":\"Geschichte\"}]},{\"@type\":\"WebSite\",\"@id\":\"https:\\\/\\\/trachtenverein-agatharied.de\\\/#website\",\"url\":\"https:\\\/\\\/trachtenverein-agatharied.de\\\/\",\"name\":\"Trachtenverein Agatharied\",\"description\":\"Heimat- und Volkstrachten Erhaltungsverein Agatharied e.V.\",\"publisher\":{\"@id\":\"https:\\\/\\\/trachtenverein-agatharied.de\\\/#organization\"},\"potentialAction\":[{\"@type\":\"SearchAction\",\"target\":{\"@type\":\"EntryPoint\",\"urlTemplate\":\"https:\\\/\\\/trachtenverein-agatharied.de\\\/?s={search_term_string}\"},\"query-input\":{\"@type\":\"PropertyValueSpecification\",\"valueRequired\":true,\"valueName\":\"search_term_string\"}}],\"inLanguage\":\"de\"},{\"@type\":\"Organization\",\"@id\":\"https:\\\/\\\/trachtenverein-agatharied.de\\\/#organization\",\"name\":\"Trachtenverein Agatharied\",\"url\":\"https:\\\/\\\/trachtenverein-agatharied.de\\\/\",\"logo\":{\"@type\":\"ImageObject\",\"inLanguage\":\"de\",\"@id\":\"https:\\\/\\\/trachtenverein-agatharied.de\\\/#\\\/schema\\\/logo\\\/image\\\/\",\"url\":\"https:\\\/\\\/trachtenverein-agatharied.de\\\/wp-content\\\/uploads\\\/2024\\\/03\\\/cropped-TV_Agatharied_20x30WEB-scaled-2.jpg\",\"contentUrl\":\"https:\\\/\\\/trachtenverein-agatharied.de\\\/wp-content\\\/uploads\\\/2024\\\/03\\\/cropped-TV_Agatharied_20x30WEB-scaled-2.jpg\",\"width\":375,\"height\":250,\"caption\":\"Trachtenverein Agatharied\"},\"image\":{\"@id\":\"https:\\\/\\\/trachtenverein-agatharied.de\\\/#\\\/schema\\\/logo\\\/image\\\/\"}}]}<\/script>\n<!-- \/ Yoast SEO plugin. -->","yoast_head_json":{"title":"Geschichte - Trachtenverein Agatharied","robots":{"index":"index","follow":"follow","max-snippet":"max-snippet:-1","max-image-preview":"max-image-preview:large","max-video-preview":"max-video-preview:-1"},"canonical":"https:\/\/trachtenverein-agatharied.de\/index.php\/geschichte\/","og_locale":"de_DE","og_type":"article","og_title":"Geschichte - Trachtenverein Agatharied","og_description":"wird in k\u00fcrze erg\u00e4nzt Vereinsbild zum 85-J\u00e4hringen Jubil\u00e4um 2009 Vereinsbild","og_url":"https:\/\/trachtenverein-agatharied.de\/index.php\/geschichte\/","og_site_name":"Trachtenverein Agatharied","article_modified_time":"2025-12-01T20:26:43+00:00","og_image":[{"width":2560,"height":1678,"url":"https:\/\/trachtenverein-agatharied.de\/wp-content\/uploads\/2025\/12\/Vereinsbild-scaled.jpg","type":"image\/jpeg"}],"twitter_card":"summary_large_image","twitter_misc":{"Gesch\u00e4tzte Lesezeit":"1\u00a0Minute"},"schema":{"@context":"https:\/\/schema.org","@graph":[{"@type":"WebPage","@id":"https:\/\/trachtenverein-agatharied.de\/index.php\/geschichte\/","url":"https:\/\/trachtenverein-agatharied.de\/index.php\/geschichte\/","name":"Geschichte - Trachtenverein Agatharied","isPartOf":{"@id":"https:\/\/trachtenverein-agatharied.de\/#website"},"primaryImageOfPage":{"@id":"https:\/\/trachtenverein-agatharied.de\/index.php\/geschichte\/#primaryimage"},"image":{"@id":"https:\/\/trachtenverein-agatharied.de\/index.php\/geschichte\/#primaryimage"},"thumbnailUrl":"http:\/\/trachtenverein-agatharied.de\/wp-content\/uploads\/2025\/12\/Vereinsbild-1024x671.jpg","datePublished":"2024-03-26T14:49:15+00:00","dateModified":"2025-12-01T20:26:43+00:00","breadcrumb":{"@id":"https:\/\/trachtenverein-agatharied.de\/index.php\/geschichte\/#breadcrumb"},"inLanguage":"de","potentialAction":[{"@type":"ReadAction","target":["https:\/\/trachtenverein-agatharied.de\/index.php\/geschichte\/"]}]},{"@type":"ImageObject","inLanguage":"de","@id":"https:\/\/trachtenverein-agatharied.de\/index.php\/geschichte\/#primaryimage","url":"https:\/\/trachtenverein-agatharied.de\/wp-content\/uploads\/2025\/12\/Vereinsbild-scaled.jpg","contentUrl":"https:\/\/trachtenverein-agatharied.de\/wp-content\/uploads\/2025\/12\/Vereinsbild-scaled.jpg","width":2560,"height":1678},{"@type":"BreadcrumbList","@id":"https:\/\/trachtenverein-agatharied.de\/index.php\/geschichte\/#breadcrumb","itemListElement":[{"@type":"ListItem","position":1,"name":"Startseite","item":"https:\/\/trachtenverein-agatharied.de\/"},{"@type":"ListItem","position":2,"name":"Geschichte"}]},{"@type":"WebSite","@id":"https:\/\/trachtenverein-agatharied.de\/#website","url":"https:\/\/trachtenverein-agatharied.de\/","name":"Trachtenverein Agatharied","description":"Heimat- und Volkstrachten Erhaltungsverein Agatharied e.V.","publisher":{"@id":"https:\/\/trachtenverein-agatharied.de\/#organization"},"potentialAction":[{"@type":"SearchAction","target":{"@type":"EntryPoint","urlTemplate":"https:\/\/trachtenverein-agatharied.de\/?s={search_term_string}"},"query-input":{"@type":"PropertyValueSpecification","valueRequired":true,"valueName":"search_term_string"}}],"inLanguage":"de"},{"@type":"Organization","@id":"https:\/\/trachtenverein-agatharied.de\/#organization","name":"Trachtenverein Agatharied","url":"https:\/\/trachtenverein-agatharied.de\/","logo":{"@type":"ImageObject","inLanguage":"de","@id":"https:\/\/trachtenverein-agatharied.de\/#\/schema\/logo\/image\/","url":"https:\/\/trachtenverein-agatharied.de\/wp-content\/uploads\/2024\/03\/cropped-TV_Agatharied_20x30WEB-scaled-2.jpg","contentUrl":"https:\/\/trachtenverein-agatharied.de\/wp-content\/uploads\/2024\/03\/cropped-TV_Agatharied_20x30WEB-scaled-2.jpg","width":375,"height":250,"caption":"Trachtenverein Agatharied"},"image":{"@id":"https:\/\/trachtenverein-agatharied.de\/#\/schema\/logo\/image\/"}}]}},"_links":{"self":[{"href":"https:\/\/trachtenverein-agatharied.de\/index.php\/wp-json\/wp\/v2\/pages\/40","targetHints":{"allow":["GET"]}}],"collection":[{"href":"https:\/\/trachtenverein-agatharied.de\/index.php\/wp-json\/wp\/v2\/pages"}],"about":[{"href":"https:\/\/trachtenverein-agatharied.de\/index.php\/wp-json\/wp\/v2\/types\/page"}],"author":[{"embeddable":true,"href":"https:\/\/trachtenverein-agatharied.de\/index.php\/wp-json\/wp\/v2\/users\/2"}],"replies":[{"embeddable":true,"href":"https:\/\/trachtenverein-agatharied.de\/index.php\/wp-json\/wp\/v2\/comments?post=40"}],"version-history":[{"count":3,"href":"https:\/\/trachtenverein-agatharied.de\/index.php\/wp-json\/wp\/v2\/pages\/40\/revisions"}],"predecessor-version":[{"id":335,"href":"https:\/\/trachtenverein-agatharied.de\/index.php\/wp-json\/wp\/v2\/pages\/40\/revisions\/335"}],"wp:attachment":[{"href":"https:\/\/trachtenverein-agatharied.de\/index.php\/wp-json\/wp\/v2\/media?parent=40"}],"curies":[{"name":"wp","href":"https:\/\/api.w.org\/{rel}","templated":true}]}}

<p>wird in kürze ergänzt</p>



<hr class="wp-block-separator has-alpha-channel-opacity"/>



<h2 class="wp-block-heading">Vereinsbild zum 85-Jähringen Jubiläum 2009</h2>



<figure class="wp-block-image size-large"><img loading="lazy" decoding="async" width="1024" height="671" src="http://trachtenverein-agatharied.de/wp-content/uploads/2025/12/Vereinsbild-1024x671.jpg" alt="" class="wp-image-329" srcset="https://trachtenverein-agatharied.de/wp-content/uploads/2025/12/Vereinsbild-1024x671.jpg 1024w, https://trachtenverein-agatharied.de/wp-content/uploads/2025/12/Vereinsbild-300x197.jpg 300w, https://trachtenverein-agatharied.de/wp-content/uploads/2025/12/Vereinsbild-768x503.jpg 768w, https://trachtenverein-agatharied.de/wp-content/uploads/2025/12/Vereinsbild-1536x1007.jpg 1536w, https://trachtenverein-agatharied.de/wp-content/uploads/2025/12/Vereinsbild-2048x1343.jpg 2048w" sizes="auto, (max-width: 706px) 89vw, (max-width: 767px) 82vw, 740px" /></figure>



<hr class="wp-block-separator has-alpha-channel-opacity"/>



<h2 class="wp-block-heading">Vereinsbild</h2>



<figure class="wp-block-image size-large"><img loading="lazy" decoding="async" width="1024" height="545" src="http://trachtenverein-agatharied.de/wp-content/uploads/2025/12/gruppenfoto-1024x545.jpg" alt="" class="wp-image-328" srcset="https://trachtenverein-agatharied.de/wp-content/uploads/2025/12/gruppenfoto-1024x545.jpg 1024w, https://trachtenverein-agatharied.de/wp-content/uploads/2025/12/gruppenfoto-300x160.jpg 300w, https://trachtenverein-agatharied.de/wp-content/uploads/2025/12/gruppenfoto-768x409.jpg 768w, https://trachtenverein-agatharied.de/wp-content/uploads/2025/12/gruppenfoto.jpg 1204w" sizes="auto, (max-width: 706px) 89vw, (max-width: 767px) 82vw, 740px" /></figure>

<p>wird in kürze ergänzt Vereinsbild zum 85-Jähringen Jubiläum 2009 Vereinsbild</p>

<!-- This site is optimized with the Yoast SEO plugin v27.4 - https://yoast.com/product/yoast-seo-wordpress/ -->
<title>Geschichte - Trachtenverein Agatharied</title>
<meta name="robots" content="index, follow, max-snippet:-1, max-image-preview:large, max-video-preview:-1" />
<link rel="canonical" href="https://trachtenverein-agatharied.de/index.php/geschichte/" />
<meta property="og:locale" content="de_DE" />
<meta property="og:type" content="article" />
<meta property="og:title" content="Geschichte - Trachtenverein Agatharied" />
<meta property="og:description" content="wird in kürze ergänzt Vereinsbild zum 85-Jähringen Jubiläum 2009 Vereinsbild" />
<meta property="og:url" content="https://trachtenverein-agatharied.de/index.php/geschichte/" />
<meta property="og:site_name" content="Trachtenverein Agatharied" />
<meta property="article:modified_time" content="2025-12-01T20:26:43+00:00" />
<meta property="og:image" content="https://trachtenverein-agatharied.de/wp-content/uploads/2025/12/Vereinsbild-scaled.jpg" />
	<meta property="og:image:width" content="2560" />
	<meta property="og:image:height" content="1678" />
	<meta property="og:image:type" content="image/jpeg" />
<meta name="twitter:card" content="summary_large_image" />
<meta name="twitter:label1" content="Geschätzte Lesezeit" />
	<meta name="twitter:data1" content="1 Minute" />
<script type="application/ld+json" class="yoast-schema-graph">{"@context":"https:\/\/schema.org","@graph":[{"@type":"WebPage","@id":"https:\/\/trachtenverein-agatharied.de\/index.php\/geschichte\/","url":"https:\/\/trachtenverein-agatharied.de\/index.php\/geschichte\/","name":"Geschichte - Trachtenverein Agatharied","isPartOf":{"@id":"https:\/\/trachtenverein-agatharied.de\/#website"},"primaryImageOfPage":{"@id":"https:\/\/trachtenverein-agatharied.de\/index.php\/geschichte\/#primaryimage"},"image":{"@id":"https:\/\/trachtenverein-agatharied.de\/index.php\/geschichte\/#primaryimage"},"thumbnailUrl":"http:\/\/trachtenverein-agatharied.de\/wp-content\/uploads\/2025\/12\/Vereinsbild-1024x671.jpg","datePublished":"2024-03-26T14:49:15+00:00","dateModified":"2025-12-01T20:26:43+00:00","breadcrumb":{"@id":"https:\/\/trachtenverein-agatharied.de\/index.php\/geschichte\/#breadcrumb"},"inLanguage":"de","potentialAction":[{"@type":"ReadAction","target":["https:\/\/trachtenverein-agatharied.de\/index.php\/geschichte\/"]}]},{"@type":"ImageObject","inLanguage":"de","@id":"https:\/\/trachtenverein-agatharied.de\/index.php\/geschichte\/#primaryimage","url":"https:\/\/trachtenverein-agatharied.de\/wp-content\/uploads\/2025\/12\/Vereinsbild-scaled.jpg","contentUrl":"https:\/\/trachtenverein-agatharied.de\/wp-content\/uploads\/2025\/12\/Vereinsbild-scaled.jpg","width":2560,"height":1678},{"@type":"BreadcrumbList","@id":"https:\/\/trachtenverein-agatharied.de\/index.php\/geschichte\/#breadcrumb","itemListElement":[{"@type":"ListItem","position":1,"name":"Startseite","item":"https:\/\/trachtenverein-agatharied.de\/"},{"@type":"ListItem","position":2,"name":"Geschichte"}]},{"@type":"WebSite","@id":"https:\/\/trachtenverein-agatharied.de\/#website","url":"https:\/\/trachtenverein-agatharied.de\/","name":"Trachtenverein Agatharied","description":"Heimat- und Volkstrachten Erhaltungsverein Agatharied e.V.","publisher":{"@id":"https:\/\/trachtenverein-agatharied.de\/#organization"},"potentialAction":[{"@type":"SearchAction","target":{"@type":"EntryPoint","urlTemplate":"https:\/\/trachtenverein-agatharied.de\/?s={search_term_string}"},"query-input":{"@type":"PropertyValueSpecification","valueRequired":true,"valueName":"search_term_string"}}],"inLanguage":"de"},{"@type":"Organization","@id":"https:\/\/trachtenverein-agatharied.de\/#organization","name":"Trachtenverein Agatharied","url":"https:\/\/trachtenverein-agatharied.de\/","logo":{"@type":"ImageObject","inLanguage":"de","@id":"https:\/\/trachtenverein-agatharied.de\/#\/schema\/logo\/image\/","url":"https:\/\/trachtenverein-agatharied.de\/wp-content\/uploads\/2024\/03\/cropped-TV_Agatharied_20x30WEB-scaled-2.jpg","contentUrl":"https:\/\/trachtenverein-agatharied.de\/wp-content\/uploads\/2024\/03\/cropped-TV_Agatharied_20x30WEB-scaled-2.jpg","width":375,"height":250,"caption":"Trachtenverein Agatharied"},"image":{"@id":"https:\/\/trachtenverein-agatharied.de\/#\/schema\/logo\/image\/"}}]}</script>
<!-- / Yoast SEO plugin. -->

wird in kürze ergänzt Vereinsbild zum 85-Jähringen Jubiläum 2009 Vereinsbild
